 11.
451
212221 (base 3) to base 8
1206
-4671a (base 11) to base 13
-248c0
What is 21201 (base 7) in base 10?
5244
Convert 221010 (base 4) to base 14.
d5a
What is -37a (base 13) in base 15?
-2a8
1344 (base 5) to base 8
340
19529 (base 13) to base 7
263324
What is -17 (base 11) in base 3?
-200
22012021 (base 3) to base 11
4541
What is -33b (base 12) in base 15?
-21e
What is 927 (base 11) in base 14?
59c
What is 5d3 (base 16) in base 10?
1491
-110111110101 (base 2) to base 15
-10d3
What is -3e9 (base 16) in base 8?
-1751
-153 (base 7) to base 5
-322
5e9 (base 16) to base 6
11001
-3332120 (base 4) to base 10
-16280
Convert b5 (base 16) to base 7.
346
ae8 (base 16) to base 15
c62
Convert 467a (base 11) to base 13.
2a41
What is -30c2 (base 16) in base 8?
-30302
Convert 1021 (base 12) to base 14.
8d3
What is 511 (base 6) in base 13?
115
Convert -8b4 (base 12) to base 7.
-3520
What is -244044 (base 5) in base 8?
-22072
3955 (base 10) to base 4
331303
What is -2300022 (base 4) in base 16?
-2c0a
What is -273 (base 12) in base 4?
-11313
133b (base 12) to base 15
9c2
12224 (base 6) to base 4
130120
Convert -3679 (base 11) to base 7.
-20003
460 (base 9) to base 14
1d0
What is 372 (base 9) in base 15?
158
-23001 (base 8) to base 13
-4575
Convert -2010001 (base 3) to base 10.
-1540
Convert 22120000 (base 3) to base 4.
1201131
-a329 (base 16) to base 14
-11317
Convert -21287 (base 12) to base 13.
-16ac2
Convert 132130 (base 4) to base 11.
1511
573 (base 11) to base 10
685
Convert -746 (base 8) to base 7.
-1263
4313 (base 7) to base 6
11025
What is 1550 (base 9) in base 8?
2233
Convert -42333 (base 5) to base 7.
-11201
Convert -630 (base 11) to base 13.
-465
-4812 (base 12) to base 3
-102002012
What is 10011110111111001 (base 2) in base 15?
191bb
What is -20104 (base 7) in base 8?
-11367
Convert -212011111 (base 3) to base 9.
-25144
-12083 (base 9) to base 13
-38b8
What is -41e0 (base 15) in base 14?
-5115
Convert -220023 (base 6) to base 8.
-43357
What is -34 (base 6) in base 16?
-16
-284a (base 13) to base 15
-1ac3
Convert -100000020 (base 3) to base 4.
-1212213
3036 (base 8) to base 7
4365
Convert -224 (base 12) to base 15.
-161
Convert 31020 (base 4) to base 15.
3b0
What is 717 (base 10) in base 8?
1315
Convert 1201112010 (base 3) to base 13.
1258b
-2002011 (base 3) to base 14
-7a4
Convert -ad63 (base 14) to base 11.
-20661
What is 410330 (base 5) in base 16?
339f
Convert -1215 (base 12) to base 13.
-c05
Convert 41424 (base 9) to base 10.
27319
Convert 3310434 (base 5) to base 9.
86156
Convert 2202 (base 4) to base 2.
10100010
Convert 100000001011010 (base 2) to base 14.
600a
-3310 (base 4) to base 10
-244
-2021 (base 7) to base 12
-4a5
Convert 31443 (base 5) to base 6.
13455
-1101001011101 (base 2) to base 8
-15135
What is 13293 (base 10) in base 7?
53520
Convert -10221 (base 3) to base 16.
-6a
What is -912 (base 10) in base 7?
-2442
10010100110110 (base 2) to base 16
2536
Convert -2074 (base 12) to base 2.
-110111011000
-12b1 (base 12) to base 8
-4145
1235 (base 6) to base 7
623
What is 31315 (base 6) in base 4?
1001333
Convert 9b21 (base 15) to base 6.
412121
135a8 (base 12) to base 4
12202100
Convert 2759 (base 15) to base 6.
102533
What is 122121 (base 3) in base 14?
25d
Convert -6a3a (base 14) to base 16.
-482c
Convert 13375 (base 11) to base 8.
45207
Convert 12730 (base 8) to base 5.
134332
What is 880 (base 11) in base 10?
1056
-30141 (base 5) to base 9
-2564
dba (base 14) to base 5
41322
10157 (base 8) to base 12
2527
-6484 (base 9) to base 11
-3650
-3b (base 15) to base 12
-48
-2667 (base 14) to base 6
-51135
What is 5800 (base 13) in base 10?
12337
-43222 (base 5) to base 9
-4023
458 (base 11) to base 13
331
What is 1765 (base 9) in base 7?
3644
-1454 (base 9) to base 2
-10001001110
Convert 234303 (base 5) to base 3.
102221100
50251 (base 6) to base 2
1100110110111
What is -134043 (base 6) in base 11?
-9484
-115350 (base 6) to base 8
-24062
Convert 1337 (base 8) to base 12.
513
Convert a38 (base 15) to base 11.
1804
-37b (base 13) to base 12
-429
496 (base 12) to base 5
10230
What is -7021 (base 8) in base 10?
-3601
What is -211020 (base 3) in base 6?
-2440
What is 96 (base 12) in base 14?
82
What is 2011331 (base 4) in base 14?
31a5
Convert -1243 (base 5) to base 14.
-102
What is 1300 (base 5) in base 14?
104
Convert 4166 (base 8) to base 15.
996
What is 222103 (base 4) in base 7?
10615
What is -250 (base 7) in base 5?
-1013
Convert -108 (base 11) to base 7.
-243
Convert -50a (base 16) to base 14.
-682
What is -671 (base 10) in base 11?
-560
-2b (base 13) to base 9
-41
2ee (base 15) to base 14
362
3b4 (base 13) to base 8
1216
Convert -101001010 (base 2) to base 5.
-2310
What is -2746 (base 9) in base 12?
-1243
What is 2311 (base 5) in base 13?
1c6
Convert 603 (base 13) to base 9.
1350
Convert -8d8 (base 16) to base 9.
-3085
-2210210202 (base 3) to base 15
-11592
What is 2 (base 9) in base 11?
2
What is 231020 (base 6) in base 5?
1112133
1005 (base 10) to base 3
1101020
What is -359 (base 10) in base 8?
-547
What is -101011221 (base 3) in base 14?
-29c3
Convert 10a9 (base 13) to base 9.
3175
Convert -20112210 (base 3) to base 14.
-1a4d
Convert -1000100011000100 (base 2) to base 10.
-35012
-1100002 (base 3) to base 5
-12344
What is -22230 (base 4) in base 9?
-840
What is -30323 (base 4) in base 13?
-4b8
What is 71a4 (base 12) in base 7?
51022
What is -3333 (base 5) in base 15?
-213
12445 (base 6) to base 9
2542
-455 (base 12) to base 3
-212202
Convert -a7 (base 11) to base 15.
-7c
What is -201110 (base 3) in base 12?
-379
What is -1004 (base 12) in base 4?
-123010
What is -2b2 (base 14) in base 8?
-1044
-2000013 (base 4) to base 7
-32622
What is 3481 (base 9) in base 7?
10351
Convert -1021010 (base 3) to base 6.
-4133
-29624 (base 11) to base 4
-22100131
Convert -29401 (base 10) to base 9.
-44287
-11221 (base 4) to base 15
-191
Convert 1022 (base 3) to base 5.
120
What is -2432 (base 6) in base 12?
-418
-308 (base 14) to base 12
-418
Convert 11011000011 (base 2) to base 10.
1731
What is 22022 (base 3) in base 12?
168
What is -5029 (base 12) in base 11?
-6575
Convert -142 (base 9) to base 14.
-87
Convert 1330010 (base 4) to base 13.
37ca
Convert 14b (base 16) to base 8.
513
-10101011 (base 2) to base 13
-102
What is 6b (base 13) in base 2?
1011001
211333 (base 4) to base 6
15131
33b (base 16) to base 7
2261
-6348 (base 10) to base 6
-45220
What is 47638 (base 9) in base 13?
11675
130310 (base 4) to base 12
1098
-1165 (base 8) to base 11
-522
Convert 1020221212 (base 3) to base 6.
310335
What is -100001 (base 2) in base 3?
-1020
What is 18306 (base 9) in base 14?
4870
ad9 (base 16) to base 5
42102
What is -34302 (base 5) in base 6?
-15204
Convert 12a5 (base 13) to base 15.
bd0
12739 (base 11) to base 8
43420
-11d0 (base 14) to base 10
-3122
499 (base 12) to base 4
22311
What is -409 (base 11) in base 12?
-351
Convert -3101 (base 9) to base 13.
-1057
33223 (base 4) to base 14
519
Convert -49c (base 13) to base 14.
-417
Convert -10b (base 16) to base 12.
-1a3
Convert -1011010100010 (base 2) to base 15.
-1ab4
Convert 230303 (base 5) to base 3.
102020211
Convert 288 (base 13) to base 11.
37a
960 (base 11) to base 13
6ab
-1110 (base 3) to base 8
-47
Convert -121425 (base 7) to base 10.
-22167
Convert -120000 (base 3) to base 2.
-110010101
What is 463 (base 9) in base 8?
575
-1110001010011 (base 2) to base 10
-7251
What is 64203 (base 8) in base 4?
12202003
What is -1012 (base 6) in base 9?
-268
What is -173 (base 11) in base 3?
-21110
10110101010101 (base 2) to base 9
16824
Convert 613 (base 11) to base 13.
44c
-42714 (base 9) to base 16
-6e7a
What is -3170 (base 10) in base 16?
-c62
What is 11842 (base 9) in base 16?
1f28
What is 23535 (base 6) in base 2?
110101110011
2d2 (base 16) to base 7
2051
Convert -519 (base 12) to base 15.
-346
What is -6068 (base 9) in base 7?
-15635
Convert -1210022 (base 5) to base 2.
-101011111110000
-12142 (base 6) to base 7
-5135
Convert -22001 (base 3) to base 8.
-331
-1010011110001001 (base 2) to base 15
-ca94
-100110000 (base 2) to base 14
-17a
What is 11101110 (base 2) in base 11?
1a7
3b9 (base 16) to base 9
1268
4556 (base 8) to base 11
18a5
179 (base 15) to base 11
289
Convert cc60 (base 13) to base 4.
1233031